hat is 46 (base 16) in base 8?
106
What is 200 (base 7) in base 9?
118
-2 (base 6) to base 9
-2
What is 260 (base 9) in base 16?
d8
-27 (base 10) to base 14
-1d
What is 0 (base 15) in base 11?
0
What is -31 (base 15) in base 8?
-56
What is -33 (base 5) in base 9?
-20
Convert a (base 15) to base 12.
a
-1a (base 14) to base 10
-24
What is -1 (base 2) in base 3?
-1
Convert -30 (base 12) to base 16.
-24
-13 (base 6) to base 15
-9
What is 0 (base 16) in base 11?
0
What is 2 (base 9) in base 16?
2
Convert fb (base 16) to base 9.
308
What is 4 (base 12) in base 15?
4
What is -a (base 15) in base 14?
-a
3 (base 13) to base 2
11
-303 (base 8) to base 2
-11000011
Convert -12 (base 4) to base 3.
-20
What is -6 (base 12) in base 7?
-6
Convert -2 (base 9) to base 4.
-2
Convert 4 (base 11) to base 6.
4
Convert -4 (base 14) to base 8.
-4
20 (base 5) to base 14
a
Convert 20 (base 16) to base 10.
32
Convert -10 (base 5) to base 11.
-5
-5 (base 16) to base 14
-5
3 (base 16) to base 13
3
20010 (base 3) to base 6
433
Convert -200 (base 3) to base 15.
-13
Convert -3 (base 11) to base 12.
-3
What is -2 (base 14) in base 13?
-2
What is -24 (base 9) in base 7?
-31
4 (base 10) to base 14
4
Convert 6 (base 11) to base 6.
10
0 (base 16) to base 8
0
What is -25 (base 16) in base 14?
-29
Convert -72 (base 9) to base 6.
-145
Convert -4 (base 7) to base 11.
-4
What is -10000 (base 2) in base 3?
-121
What is 28 (base 13) in base 14?
26
What is -111 (base 3) in base 12?
-11
What is -40 (base 10) in base 12?
-34
What is 145 (base 12) in base 14?
101
113 (base 4) to base 14
19
What is 0 (base 11) in base 4?
0
Convert 2d (base 14) to base 10.
41
-2 (base 4) to base 14
-2
Convert -10111100 (base 2) to base 3.
-20222
What is 1 (base 6) in base 4?
1
What is -123 (base 6) in base 7?
-102
What is -320 (base 8) in base 10?
-208
-5 (base 7) to base 9
-5
-10102 (base 3) to base 14
-68
What is -2 (base 11) in base 15?
-2
What is -7 (base 12) in base 5?
-12
What is b (base 15) in base 4?
23
What is 0 (base 8) in base 6?
0
What is -1 (base 10) in base 11?
-1
8 (base 15) to base 7
11
Convert -2 (base 9) to base 13.
-2
What is 7 (base 10) in base 16?
7
1 (base 7) to base 14
1
What is 2231 (base 4) in base 15?
b8
Convert 230 (base 8) to base 6.
412
What is -50 (base 7) in base 4?
-203
What is -15 (base 10) in base 16?
-f
What is -15 (base 13) in base 16?
-12
Convert 100 (base 5) to base 2.
11001
101 (base 2) to base 16
5
What is -42 (base 14) in base 9?
-64
Convert -20 (base 3) to base 12.
-6
-83 (base 14) to base 11
-a5
Convert 16 (base 9) to base 3.
120
Convert -5 (base 9) to base 6.
-5
0 (base 5) to base 7
0
What is -9 (base 11) in base 6?
-13
Convert 33 (base 9) to base 12.
26
Convert 16 (base 13) to base 9.
21
What is -2 (base 9) in base 7?
-2
-175 (base 13) to base 5
-2030
Convert 1 (base 12) to base 5.
1
What is -19 (base 15) in base 13?
-1b
-3 (base 13) to base 10
-3
-13 (base 12) to base 14
-11
Convert -39 (base 12) to base 2.
-101101
-8 (base 14) to base 7
-11
What is -220 (base 3) in base 4?
-120
Convert -11 (base 5) to base 4.
-12
Convert 1 (base 10) to base 5.
1
Convert -10 (base 6) to base 12.
-6
Convert 30 (base 4) to base 16.
c
What is 3 (base 16) in base 8?
3
44 (base 6) to base 10
28
83 (base 10) to base 14
5d
What is -11 (base 3) in base 10?
-4
Convert 19 (base 16) to base 8.
31
-2 (base 11) to base 10
-2
What is -67 (base 12) in base 14?
-59
Convert -11 (base 12) to base 4.
-31
55 (base 14) to base 16
4b
Convert 69 (base 12) to base 4.
1101
10100100 (base 2) to base 15
ae
What is 3 (base 5) in base 4?
3
0 (base 13) to base 4
0
44 (base 7) to base 4
200
Convert -15 (base 13) to base 10.
-18
What is -3 (base 6) in base 4?
-3
Convert 0 (base 5) to base 13.
0
424 (base 5) to base 11
a4
What is 23 (base 10) in base 12?
1b
Convert 20 (base 4) to base 2.
1000
Convert 6 (base 11) to base 6.
10
15 (base 8) to base 12
11
Convert -111111 (base 2) to base 9.
-70
-11001 (base 3) to base 6
-301
What is 1121 (base 4) in base 12?
75
4d (base 14) to base 2
1000101
2 (base 4) to base 8
2
Convert 0 (base 4) to base 15.
0
-540 (base 6) to base 4
-3030
What is 3 (base 10) in base 5?
3
What is -3 (base 12) in base 5?
-3
Convert -1020 (base 4) to base 11.
-66
Convert -7 (base 12) to base 7.
-10
What is 2 (base 8) in base 9?
2
Convert 114 (base 13) to base 15.
c6
Convert -12 (base 7) to base 6.
-13
1 (base 13) to base 11
1
111 (base 3) to base 7
16
10 (base 3) to base 15
3
2 (base 12) to base 14
2
5 (base 16) to base 6
5
Convert 61 (base 11) to base 14.
4b
2123 (base 4) to base 11
131
Convert 289 (base 12) to base 5.
3033
420 (base 5) to base 2
1101110
a (base 12) to base 13
a
What is 24 (base 10) in base 4?
120
Convert 343 (base 5) to base 15.
68
Convert -88 (base 11) to base 13.
-75
What is -25 (base 6) in base 3?
-122
4 (base 16) to base 5
4
What is 33 (base 7) in base 5?
44
What is -6 (base 13) in base 10?
-6
0 (base 14) to base 2
0
-14e (base 16) to base 4
-11032
-2 (base 13) to base 2
-10
-3 (base 10) to base 7
-3
1321 (base 4) to base 10
121
What is -101000 (base 2) in base 8?
-50
Convert 1 (base 7) to base 10.
1
What is -4 (base 6) in base 16?
-4
What is -13 (base 4) in base 8?
-7
-4 (base 16) to base 2
-100
Convert -2 (base 3) to base 7.
-2
What is -65 (base 8) in base 15?
-38
-20 (base 3) to base 10
-6
What is 37 (base 8) in base 11?
29
Convert 1110110 (base 2) to base 3.
11101
Convert -113 (base 4) to base 9.
-25
-4 (base 11) to base 8
-4
Convert a (base 14) to base 7.
13
What is 12 (base 3) in base 6?
5
Convert -33 (base 15) to base 12.
-40
Convert b3 (base 14) to base 16.
9d
-1 (base 3) to base 14
-1
What is 9 (base 16) in base 8?
11
Convert -5 (base 14) to base 2.
-101
What is 4 (base 6) in base 3?
11
Convert -4 (base 13) to base 9.
-4
What is 145 (base 6) in base 9?
72
What is 0 (base 12) in base 13?
0
Convert -3 (base 6) to base 12.
-3
What is -10 (base 8) in base 14?
-8
114 (base 5) to base 12
2a
3 (base 10) to base 11
3
Convert -22 (base 7) to base 6.
-24
Convert -20 (base 10) to base 12.
-18
Convert -1 (base 5) to base 7.
-1
Convert 4 (base 14) to base 11.
4
Convert -12 (base 12) to base 8.
-16
Convert -3 (base 8) to base 6.
-3
What is -46 (base 7) in base 15?
-24
What is 1220 (base 3) in base 12?
43
What is -71 (base 12) in base 15?
-5a
What is -87 (base 11) in base 6?
-235
Convert 113 (base 15) to base 14.
135
Convert 111 (base 12) to base 6.
421
What is 11101 (base 2) in base 4?
131
-1a (base 14) to base 3
-220
-4 (base 15) to base 13
-4
What is -75 (base 9) in base 13?
-53
Convert 31 (base 6) to base 10.
19
What is -10102 (base 3) in base 5?
-332
-15 (base 7) to base 9
-13
What is -4 (base 9) in base 6?
-4
Convert -10 (base 10) to base 12.
-a
14 (base 8) to base 5
22
Convert -6 (base 11) to base 2.
-110
Convert 17 (base 9) to base 4.
100
Convert -101 (base 2) to base 12.
-5
22 (base 8) to base 4
102
Convert -20 (base 4) to base 10.
-8
Convert -16 (base 8) to base 11.
-13
-8 (base 15) to base 11
-8
33 (base 5) to base 7
24
What is -5 (base 12) in base 3?
-12
Convert 2 (base 10) to base 4.
2
What is 10 (base 2) in base 11?
2
-1000 (base 3) to base 2
-11011
Convert -11001 (base 3) to base 10.
-109
What is -22 (base 3) in base 8?
-10
What is -322 (base 4) in base 3?
-2011
3 (base 5) to base 6
3
Convert -3 (base 7) to base 15.
-3
Convert -10 (base 4) to base 7.
-4
0 (base 8) to base 2
0
5 (base 12) to base 3
12
47 (base 8) to base 12
33
111 (base 3) to base 11
12
Convert 47 (base 13) to base 12.
4b
3 (base 4) to base 2
11
-1 (base 11) to base 9
-1
What is 1a (base 11) in base 4?
111
What is 2 (base 7) in base 3?
2
What is 37 (base 14) in base 4?
301
-7 (base 15) to base 8
-7
bc (base 16) to base 9
228
What is -13 (base 4) in base 12?
-7
2 (base 12) to base 4
2
1200 (base 4) to base 12
80
What is -3 (base 11) in base 13?
-3
Convert 110 (base 6) to base 9.
46
Convert -1102 (base 4) to base 13.
-64
Convert -101101 (base 2) to base 6.
-113
What is 4 (base 15) in base 13?
4
Convert 202 (base 4) to base 3.
1021
0 (base 14) to base 8
0
What is 5 (base 6) in base 15?
5
-122 (base 7) to base 6
-145
-435 (base 6) to base 11
-142
What is 4 (base 11) in base 12?
4
Convert -1a (base 15) to base 11.
-23
Convert -3 (base 16) to base 10.
-3
What is 11011 (base 2) in base 6?
43
10 (base 12)